(-116)/16 + 3)*-4. Suppose 4*q - 19 = t. Calculate the remainder when 15 is divided by q.
6
Suppose -5*h - 36 = a + 191, 0 = h + 3*a + 37. Let y = h - -74. What is the remainder when 54 is divided by y?
26
Suppose 0 = -4*f - f + 25. Suppose -b + f = -0*b. What is the remainder when 8 is divided by b?
3
Let q be 6/(-2) - (-25 + 2). Suppose q = 5*g - g. Suppose 16 = g*t - 99. Calculate the remainder when t is divided by 12.
11
Let f = 7 + 6. Suppose 27 = 2*d - f. Calculate the remainder when 38 is divided by d.
18
Suppose 636 = 6*o + 6*o. Calculate the remainder when o is divided by 19.
15
Suppose -3*q + 53 = -25. What is the remainder when 75 is divided by q?
23
Let s(p) = p + 10. What is the remainder when 41 is divided by s(12)?
19
Let u = -18 + -1. Let z = -6 - u. Suppose -z - 2 = -k. What is the remainder when k is divided by 8?
7
Calculate the remainder when (2/6)/(10/30) + 62 is divided by 16.
15
Suppose -5*u = -0*u - 420. Suppose 2*l + u = 4*r, r - 22 = -l - 4. Calculate the remainder when 4/r + (-147)/(-15) is divided by 6.
4
Let w(x) = 2*x**2 + 5*x. Suppose 170 = 4*z + z. What is the remainder when z is divided by w(-4)?
10
Suppose 3*s - 5*s + 100 = 0. Suppose 0 = a + 4*j - 46, -3*a - 4*j + 98 = -0*j. Calculate the remainder when s is divided by a.
24
Let q be (-18)/(-12)*2*1. Let d = -3 + q. Suppose 0 = k - 5*k + 2*c + 204, d = -2*k + 4*c + 102. What is the remainder when k is divided by 13?
12
Suppose -27*c = -1413 + 279. What is the remainder when 123 is divided by c?
39
Let o(z) = z**2 + 6*z - 6. Let c(q) = q**3 - 16*q**2 - 17*q - 11. Let j be c(17). Let r(m) = 2*m + 3. What is the remainder when o(j) is divided by r(5)?
10
Let f(h) = -8*h**3 + 3*h**2 + 2*h + 1. Let m(z) = -8*z. Let l be m(-1). Suppose 0 = -s + 5*s + l. What is the remainder when f(s) is divided by 19?
16
Let o = 125 + -81. Suppose 2*q = 0, -2*k + o + 12 = -q. Calculate the remainder when k is divided by 15.
13
Suppose 0 = -4*m + 2*m + 12. Suppose -3*o - 81 = -m*o. Calculate the remainder when o is divided by 7.
6
Calculate the remainder when (-1)/5 + 252/10 is divided by 1/3*(-2 - -41).
12
What is the remainder when 153 is divided by (1/(-2))/(1/(-22))?
10
Suppose 2*m + 3 - 17 = -q, -2*q = -5*m - 1. Suppose -4 = -2*u - 2*u. Let f = q - u. What is the remainder when 26 is divided by f?
5
Suppose 2*w = 2*p - 3*p + 20, 5*w = 2*p + 41. Let o(n) = -1 + w*n - 3 + 0. What is the remainder when o(5) is divided by 14?
13
Suppose 3*m + 2 = -0*m - 4*f, 2*m - 4*f - 12 = 0. Suppose -4*j + 56 = -m*s - 2*s, 5*j = 4*s + 68. Calculate the remainder when 34 is divided by j.
10
Suppose o = -3*v + 5 - 0, -2*o + 5*v + 65 = 0. Calculate the remainder when 56 is divided by o.
16
Let a(n) = -n**2 - 11*n - 10. Let z(q) = -q**2 - 6*q. Let h be z(-7). Let d = 71 + -37. Calculate the remainder when d is divided by a(h).
16
Suppose y - 12 = -y. Let j = 10 - y. Suppose j*p - 2*r = 124, 2*r = -0*r. What is the remainder when p is divided by 8?
7
Suppose 5*s = s + 284. Calculate the remainder when s is divided by 37.
34
Let o(m) = 42*m**2 - 2*m + 2. Let b be o(1). Let f = 21 + -15. What is the remainder when 19 is divided by b/(-4)*(-4)/f?
5
Let q = -5 + -14. Let a = -10 - q. Let z = -3 + a. What is the remainder when 17 is divided by z?
5
Suppose 6*y + 63 = 9*y. Calculate the remainder when y is divided by 14.
7
Let g(y) = y - 1. Suppose i = -3*i + 132. Suppose 5*d = -4*h + i, -2*h = 4*d - 36 + 12. Calculate the remainder when d is divided by g(3).
1
What is the remainder when 61 is divided by (2 - -2)*1 - -12?
13
Suppose w + 3*n - 19 = -4*w, -5*n + 15 = 5*w. Let m(f) = 5*f**2 + f. Calculate the remainder when w is divided by m(-1).
1
Suppose 4*m = -20, 2*b + 2*m = -2*b - 94. Let p = b + 15. What is the remainder when 24 is divided by (1 - -2)/((-2)/p)?
6
Let z(m) = -m**2 + 0*m + 2*m**2 + m. Let t be z(-2). Suppose 5 + 1 = t*g. Calculate the remainder when g is divided by 2.
1
Let k(v) = v + 2. What is the remainder when 15 is divided by k(7)?
6
Let i = 14 + -10. Suppose -g + 5*g = 5*o + 73, 21 = g - i*o. Calculate the remainder when g is divided by 9.
8
Let d(j) = -2 + 2 + 30*j + 3. Let x be d(-2). What is the remainder when 55 is divided by (x/(-6))/(2/4)?
17
Let t(p) = p**3 - 7*p**2 - 4*p - 7. Let u(f) = -f**2 + f. Let c(q) = -t(q) + 2*u(q). What is the remainder when c(5) is divided by 19?
18
Let u(p) = 9*p - 1. Suppose 4*z + r + 11 = -2*r, -4*r = 20. Suppose -5*v + 125 = 15. Calculate the remainder when v is divided by u(z).
6
Let i(y) = -6*y - 6*y + 10*y. What is the remainder when 26 is divided by i(-7)?
12
Let i = -32 + 43. What is the remainder when 65 is divided by i?
10
Suppose -6*s - 12 = -9*s. Calculate the remainder when 22 is divided by s.
2
Let m(z) = -3*z**3 + 2*z**2 + z. Let v be m(-1). Suppose -v*b = b - 45. Calculate the remainder when 17 is divided by b.
8
What is the remainder when (1 + 18/(-4))*(-34 - -30) is divided by 6?
2
Let k be ((-54)/8)/(9/(-24)). Suppose f + 2*f = k. Calculate the remainder when 213/f - (-2)/(-4) is divided by 12.
11
Let p = 50 + -4. Let k(b) = -b + 8. Let c be k(4). Let j = 16 - c. What is the remainder when p is divided by j?
10
Let s be (-388)/5 + (-8)/20. Let b = -48 - s. Suppose 3*m - 5*m + b = 0. Calculate the remainder when m is divided by 8.
7
Let k = 96 + -42. Suppose s + k = 4*s. What is the remainder when s is divided by 7?
4
Let v(y) = -27*y - 6. Calculate the remainder when v(-3) is divided by 19.
18
Suppose 0 = l - 24. Suppose 11 = 3*j + 218. Let y = 139 + j. Calculate the remainder when y is divided by l.
22
Suppose -6 = -2*g, 2*r + 12 = 3*r + 3*g. What is the remainder when (20/30)/((-4)/(-30)) is divided by r?
2
Suppose -3*q = -4*i + 34, 0*q - 3*i - 18 = 5*q. Let u = 23 + q. Suppose 2*m - 37 = 61. Calculate the remainder when m is divided by u.
15
Suppose -5*m = -7*m + 28. What is the remainder when 55 is divided by m?
13
Suppose 5*d - 80 = -2*g + 54, -5*d = 3*g - 136. Calculate the remainder when 73 is divided by d.
21
Let l(z) = -z**3 - 5*z**2 - 3*z - 9. What is the remainder when 17 is divided by l(-5)?
5
Suppose 13 = 6*r - 5. What is the remainder when 3 is divided by r?
0
Let j(a) = a**3 - 11*a**2 + 11*a + 4. Let p(q) = -3*q + 1. Let c be p(-3). Calculate the remainder when j(c) is divided by 8.
6
Suppose -3*n = -5*x - 76, -5*x = -0*x + n + 88. Let f = -35 - x. Let v = 28 + f. What is the remainder when v is divided by 4?
2
Let d be (1 - -25)/2 - -1. Suppose u - d = -1. Let g = -34 + 72. What is the remainder when g is divided by u?
12
What is the remainder when 70 is divided by 1/3 + 213/9?
22
Let g(h) = 3*h**2 + 2*h - 1. Let x be g(-2). Suppose 48 = r + x. Calculate the remainder when r is divided by (-5 - -2) + 4/(4/17).
13
Suppose 5*l - 45 = 5*u, l + 3*u - 2 = 19. Calculate the remainder when (24 + 5/(-5))*1 is divided by l.
11
Suppose 20 = -4*z, -94 = -5*m + 4*z + 51. Suppose 118 = 4*s - 5*w - 63, -3*s - 5*w + 162 = 0. What is the remainder when s is divided by m?
24
Suppose 3*m = 2*x - 5*x - 57, 0 = -3*x - 2*m - 55. Let q = x - -25. Calculate the remainder when 30 is divided by q.
6
Suppose -k + 4*k - 11 = -5*g, 5*k - 29 = -3*g. Let j = -593 + 598. What is the remainder when k is divided by j?
2
Let m(p) be the second derivative of p**4/12 + p**3/2 + 3*p**2/2 - 3*p. What is the remainder when 20 is divided by m(-4)?
6
Suppose 12*f = 10*f + 22. What is the remainder when 41 is divided by f?
8
Let t = -4 - -7. Suppose 9 = 2*f + t. Calculate the remainder when f is divided by 2.
1
Suppose -3*l = -m + 3, -14 = -4*m - 3*l + 13. Let q = 12 + m. What is the remainder when 69 is divided by q?
15
Let r(s) = s**2 + 4*s + 16. Let o be r(-11). Suppose -c - o = -4*c. What is the remainder when c is divided by 7?
3
Calculate the remainder when 124 is divided by (-45)/(-30) - 94/(-4).
24
Suppose 0 = 4*z, 0*i = 2*i + 4*z - 12. Calculate the remainder when 16 is divided by i.
4
Let m(j) = -2*j - 1. Let t(c) be the first derivative of -c**3/3 + 4*c + 2. Calculate the remainder when t(0) is divided by m(-2).
1
Let s(u) = u**3 + 5*u**2 - u + 10. What is the remainder when 57 is divided by s(-5)?
12
Let q(r) = 2*r**2 + 6*r + 4. Let c(d) = 1. Let l(w) = -w**3 - 5*w**2 + 5*w. Let v(a) = -2*c(a) - l(a). Calculate the remainder when v(-5) 